+ 1 + -15 + 3 + (-10 - -2).
6
Calculate -43 + 22 + -59 - (2 + -5 - -3).
-80
1 + -14 - (3 - (31 - 11 - 10))
-6
What is the value of 1 + (2 - (-6 + 0) - (40 + 23))?
-54
What is the value of -36 - (-52 + -129 + 53)?
92
What is -17 + -3 - (-56 - -27 - 11)?
20
What is the value of (-34 - -9 - (93 + -117)) + (-1 - -23)?
21
Evaluate -101 + 63 - (-28 - -6).
-16
Evaluate -21 + 36 - (5 - -14) - -12 - -7.
15
What is the value of -13 + (16 - (7 + 21)) - 7?
-32
What is the value of 0 + (-24 + 40 - -9) - -15?
40
Evaluate (-112 - -121) + -1 - ((0 - 0) + 40).
-32
Evaluate (2 + 3 - 8) + (-13 - -14 - 2).
-4
What is the value of 51 + -3 + 3 - (9 + 1 - 0) - 8?
33
Calculate 40 + -42 + (-2 - -4) + (50 - 38).
12
What is 18 - 1 - (96 + -37)?
-42
What is the value of 15 - ((12 - 7) + (-38 - -23))?
25
27 + 1 + -2 + -14688 + 14700
38
What is the value of -66 + 107 + -1 + -36?
4
Evaluate 6 + (14 - (8 + 2)) + (-14 - 7) + 67.
56
What is (-7 - (-4 - (-20 + 18)) - 75) + 18?
-62
Calculate (-1 - -1) + -6 + (-51 - -135) + -136 + 5.
-53
-108 - (-5 - (0 + 2) - (-37 - -17))
-121
What is the value of 1 + 91 - (2653 + -2486)?
-75
What is 0 - (-9 - -3) - (-116 - (-149 + 98))?
71
What is 1 + 40 + (403 - 383)?
61
What is the value of -11 + -1 - (-3 - (120 + (79 - 72)))?
118
What is the value of (-35 - -66) + 16 + 3?
50
Calculate (32 - 1) + -20 + (1 - 11) + 6.
7
Calculate -39 + 98 + -48 + -51.
-40
What is the value of -52 + 34 + -31 + (-2 + 0 - 5 - 4)?
-60
Calculate -5 + 1 - (23 - (-20 - -17)).
-30
Calculate 9 + 13 + -19 + -2 + 3 - (-17 - 4).
25
Calculate (0 - -13) + (6 - 13) + 41.
47
What is (1 + -21 - -44 - 17) + -22?
-15
Evaluate 68 + -1 - (-17 - (-45 - -60 - 56)).
43
Calculate (-5 - ((13 - 12) + -7)) + -4 + 10.
7
What is the value of -92 - (13 - 0 - 65)?
-40
(-6 - -42 - 55) + 48
29
What is the value of (-751 - -777) + 1 + -111?
-84
Calculate -2 + -16 - (6 - (11 + 26 - 24)).
-11
Evaluate (42 - 33) + -39 + 6 - -136.
112
What is 15593 - 15552 - (0 + 73 + 1)?
-33
1063 + -1069 + (-19 - 3)
-28
-130 + 107 + -64 - -37
-50
What is (-187 - (-64 + -92)) + (0 + 1 - 1)?
-31
-48 + 18 + (-13 - -3 - -14)
-26
What is the value of 0 - 90 - ((4 - -28) + (-242 - -195))?
-75
Evaluate 28 - 4 - (-65 + 74 + 46).
-31
Evaluate -44 - (-82 - -155 - 90).
-27
Evaluate (2103 - 2053) + 1 + -76.
-25
-35 + -43 + (-10 - -8) + 16 + -2
-66
What is the value of (100 - (-86 - -135)) + -7 + 2 + 0?
46
What is the value of 31 + (3 - 1) - 0 - -3?
36
What is the value of 30 - (7 + (-2 - -18) + -5)?
12
40 - (-1 + ((-7 - 7) + 17 - -5) + -1)
34
93 - 155 - -8 - (-2 + -8 + 0)
-44
-39 + -2 + -68 + 63
-46
What is the value of (46 + -7 - 9) + -2?
28
Evaluate (-41 - -115) + -70 - (2 - 1 - 32).
35
Calculate (34 - 10) + -7 - 21.
-4
What is (12 - (1 + 1) - (1051 + -1035)) + -15?
-21
What is -32 + 40 + -7 + (-2 - 102)?
-103
-994 - -1039 - (0 - -59)
-14
What is (214 - 256) + 70 - (-2 - 1 - -7 - -3)?
21
Calculate -113 - 0 - (116 + -480 - -389).
-138
Calculate (-8 - (-16 + -13)) + -69 - -15.
-33
(-79 - (2 + -95)) + -56
-42
What is the value of 25597 + -25471 - ((3 - (3 - 10)) + 0 - 0)?
116
Calculate (-13 + 15 - 11) + 29.
20
What is (-29 - 6) + -45 + 15?
-65
What is the value of (10 - (6 + 26 - 14)) + 1 + 0?
-7
Calculate (3 - 7) + -28 - ((-11 - -24) + -32).
-13
Calculate (9 - -8) + (25 - 10) + -51.
-19
Evaluate 85 + (-244 - -66) + 47.
-46
Calculate -73 - (-9 + 9 + -7) - (-2 + -1 + -4).
-59
Evaluate (-177 - -1 - (-18 + -5)) + 43.
-110
110 + -28 + 46 - (0 + (0 - -4))
124
Evaluate (-78 - -41 - -108) + -34.
37
What is the value of 25 - ((-64 - -29) + 126) - -29?
-37
What is the value of (-104 + 31 + 3 - -26) + 22?
-22
What is 2 - -4 - (-53 - -145 - 67)?
-19
(451 - 451) + (28 - -5)
33
102 + (12 - (-14 + 16 - -21)) + -3
88
Calculate (-1 - -28 - 1) + -642 + 644.
28
What is the value of 0 + -25 - (-340 + 319) - (45 + 0)?
-49
Evaluate (11 - 2) + 13 + (3 - -71) + -26.
70
Calculate (49 - 185) + 170 + -77.
-43
Evaluate (-47 - -20) + 71 - 46.
-2
Calculate (-61 - (-74 + 0)) + 1 + 82 + 1 + 0.
97
Calculate (-38 - 3) + 298 + -279.
-22
Calculate 5 + -3 + (7 - (-6 + 9)) + -4 + 7.
9
-2 - -14 - (-3174 - -3249)
-63
-4 - (28 + 2 - (204 - 188))
-18
Evaluate (72 - 13) + -91 + -5 + 118.
81
What is -24 - (37 - 179) - -25 - 1?
142
Evaluate 0 - -17 - ((-243 - -179) + -21).
102
26 - (-36 - (58 - 146))
-26
What is the value of -50 + (1 - ((7 - 0) + (-24 + -2 - -16)))?
-46
Evaluate 33 - ((-189 - -193) + 2 + -3).
30
-111 + (15 - ((-3 - -4) + -5) - (3 + 2))
-97
(-22 - (18 - (37 - -7))) + -83 + (-2 - 2)
-83
What is the value of (-34 - (30 - 66)) + 48 + 0 - 11?
39
Calculate -1 - 79 - (-7 + (55 - -10) + -66).
-72
Calculate (9 - (69 - 50 - -108)) + (0 - (-3 + 2)).
-117
Calculate -4 + (-83 - (-17 - 25)).
-45
8 + -12 + -10 + (7 - (0 - -13) - 9)
-29
-5 - -1 - (49 + -49 + (2 - -13))
-19
What is the value of -6 + -12 + (-5 + -2 - -11) - -7 - 5?
-12
What is the value of -82 + (-3 - (0 + -3)) - (15 + -20 - -9)?
-86
What is the value of (-845 + 836 - ((1 - 0) + 35)) + -5?
-50
Calculate 27 + (-45 - -34 - 25) + 16 + -2.
5
Calculate (-6 - -5) + -146 - (-427 + 407).
-127
What is (19 - 68) + 49 + -6?
-6
What is the value of (1 - -36) + 2 + -4 + 2 + (-467 - -468)?
38
What is the value of 48 + (-20 - (129 + -79))?
-22
Evaluate 84 + 5 + -36 + (-12 - 10).
31
3 - -61 - (-579 + 655)
-12
What is the value of -225 + 131 + (3 - -2 - -2)?
-87
Evaluate 12 + (68 - 53 - (4 + (6 - -37))).
-20
Calculate (31 - (7 + -4)) + (80 - 73).
35
Evaluate (4 - (-3 - -18)) + (-10 - -8) - 8.
-21
-77 - -131 - 75 - -24
3
-1 + 0 + -9 - (5698 - 5644 - (33 - -1))
-30
Calculate 0 + -25 + (44 - (-38 - -68)) - -22.
11
What is 7 + -7 + -4 + (-51 - -58 - (0 - -7))?
-4
What is -32 + (34 - 27) + (8 - 5 - 7)?
-29
Calculate 5 + -1 + (205 + -105 - 27).
77
What is the value of (16 - 26) + 13 - 48?
-45
What is the value of -4 + (5 - 11 - -2 - (-21 + 3)) - -21?
31
Evaluate -1 + -52 + (103 - 57).
-7
What is 143 + (-142 - (25 - 74))?
50
(-7 - (-14 + 23)) + -6 + 100 + -10
68
-6 - (-3 - -5) - (1 + -108 + (-7 - -20))
86
What is (-2 - -9) + -14 + (4 - 1)?
-4
(-37 - (16 + -29)) + -23 + 2
-45
-9 + -12 + -4 + 72 + -79
-32
Calculate -60 + 93 + -21 - 138.
-126
What is -33 + (-13 - -10) + -3 + 7 - 6 - -6?
-32
18 - 25 - 25 - -14 - -31
13
What is the value of 811 + -813 - (-1 + 16 + 0)?
-17
Evaluate 3 - (-13 - -1) - (55 + 25).
-65
Evaluate -5 - (-73 - (0 + 0 - (-74 + -57 + 128))).
71
-8 + -2 + 24 + -14 + -16 - -3
-13
What is 71 + 2 + -16 + -108 + 112?
61
Evaluate (-97 - 95) + 184 + (0 - -2) + 52.
46
What is -48 - (16 + 15) - -3 - (3 + 1)?
-80
What is the value of -1 - 10 - (156 - 69 - 77)?
-21
Evaluate 51 + -107 + -3 + 17.
-42
Evaluate (-22 - -10 - 17) + -21 + 18 + 3.
-29
What is the value of 9 + 0 + (-13 + (18 - 5) + -10 - 2)?
-3
Calculate (2 - 80) + 359 + -290.
-9
1 + -1 + (1 - 0) + 451 + (-127 - 312)
13
What is the value of -19 + -89 + 76 + -2 + 0 - (0 + -9)?
-25
Calculate (521 + -522 - (1 + -11)) + -51.
-42
What is 15 - (7 + (12 - (-7 + 15)) - 22)?
26
Calculate -21 - -12 - (-6 - 4) - (52 - 1).
-50
-31 + (7 - 7) + 24 + -10 + -5
-22
What is the value of 123 + -182 + 54 - (0 - -21)?
-26
(-31 - 46 - (-2 + -1 + -2)) + -7 - 6
-85
Calculate (7 - -1) + (-5 - (-10 - 0) - (789 + -719)).
-57
What is (0 - 8 - -19) + 90 - 1 - (33 + -18)?
85
81 + 2 + -12 + -13 + 28
86
Evaluate (14 + -79 - (-4 + -3)) + 23.
-35
Calculate -14 - (-1 + 5 + -41 + 17).
6
What is the value of 81 - 240 - (3 - (14 + 26))?
-122
What is the value of -1491 - -1491 - (24 + (3 - 2) + -2)?
-23
What is 34 - 30 - 58 - -111?
57
2 + -67 + (-84 - (-126 - -21))
-44
-11 - (43 + 12) - 37
-103
Calculate -141 - ((1 + 13 - 1) + (2581 - 2611)).
-124
Evaluate -7 - -3 - (-398 - -396).
-2
What is (104 - (204 + -31)) + 4 + 1?
-64
Evaluate (-3 + -1 - -5 - -4) + (-5 - (5 - 23)).
18
Calculate 6 - (13 + (14 + -13 - 9)) - (-2 - -25).
-22
Evaluate -1273 + 1274 - (3 - 22 - -5).
15
What is 7 + (35 - 48) - (28 - 4)?
-30
Evaluate 26 - (-33 + (51 - 49)).
57
What is -16 + -15 + (22 - -8) + -4 + -24?
-29
What is the value of 66 + -2 - (12 + -1 + -23 + 15 + -7)?
68
(-50 - -139 - 103) + (1 + (-6 - -3) - 56)
-72
What is the value of (-37 - 22) + 421 + -311?
51
66 + 1 - (79 + -178 + 39 + 36)
91
Calculate -2 - (-543 + 562 + 1 + -1 + -1).
-20
What is the value of -91 + 246 + -8 + 2 + 2 + -9?
142
Evaluate (-106 - 66) + 85 + 